0883
List the prime factors of 445556.
2, 23, 29, 167
List the prime factors of 121010.
2, 5, 12101
What are the prime factors of 913903?
17, 53759
What are the prime factors of 1244935?
5, 248987
List the prime factors of 693397.
693397
List the prime factors of 326568.
2, 3, 11, 1237
List the prime factors of 1942606.
2, 61, 15923
List the prime factors of 919096.
2, 131, 877
List the prime factors of 4130061.
3, 13, 105899
List the prime factors of 4754093.
37, 128489
What are the prime factors of 2467515?
3, 5, 179, 919
What are the prime factors of 455635?
5, 91127
What are the prime factors of 3485703?
3, 13, 139, 643
List the prime factors of 365548.
2, 91387
What are the prime factors of 3592759?
3592759
List the prime factors of 1264345.
5, 252869
List the prime factors of 11064646.
2, 47, 117709
What are the prime factors of 7651256?
2, 41, 23327
List the prime factors of 93865.
5, 18773
List the prime factors of 69627.
3, 23209
What are the prime factors of 17984004?
2, 3, 1498667
List the prime factors of 2547851.
83, 30697
What are the prime factors of 250529?
17, 14737
What are the prime factors of 103676?
2, 25919
What are the prime factors of 25860?
2, 3, 5, 431
What are the prime factors of 9789?
3, 13, 251
List the prime factors of 220554.
2, 3, 12253
What are the prime factors of 629493?
3, 17, 12343
What are the prime factors of 281526?
2, 3, 7, 6703
List the prime factors of 661871.
7, 23, 4111
List the prime factors of 5447598.
2, 3, 13, 211, 331
List the prime factors of 5905564.
2, 7, 210913
List the prime factors of 1238102.
2, 157, 3943
List the prime factors of 455700.
2, 3, 5, 7, 31
What are the prime factors of 200820?
2, 3, 5, 3347
What are the prime factors of 3414843?
3, 53, 7159
List the prime factors of 2443360.
2, 5, 15271
What are the prime factors of 1682872?
2, 210359
What are the prime factors of 32319?
3, 7, 19
What are the prime factors of 1197168?
2, 3, 7, 509
List the prime factors of 474492.
2, 3, 39541
List the prime factors of 531183.
3, 19, 9319
List the prime factors of 50745.
3, 5, 17, 199
List the prime factors of 162877.
11, 13, 17, 67
List the prime factors of 2046840.
2, 3, 5, 37, 461
List the prime factors of 204127.
7, 11, 241
List the prime factors of 26216012.
2, 743, 8821
List the prime factors of 24029.
24029
What are the prime factors of 21620449?
53, 503, 811
List the prime factors of 107670.
2, 3, 5, 37, 97
What are the prime factors of 117922?
2, 7, 8423
List the prime factors of 72285.
3, 5, 61, 79
List the prime factors of 447009.
3, 109, 1367
What are the prime factors of 2619243?
3, 11, 8819
List the prime factors of 2349146.
2, 97, 12109
What are the prime factors of 98891?
13, 7607
What are the prime factors of 27381309?
3, 9127103
What are the prime factors of 448512?
2, 3, 73
What are the prime factors of 1340559?
3, 11, 1231
List the prime factors of 18004148.
2, 4501037
List the prime factors of 449396.
2, 112349
What are the prime factors of 18301286?
2, 577, 15859
What are the prime factors of 6568622?
2, 3284311
What are the prime factors of 151794?
2, 3, 937
List the prime factors of 3843337.
227, 16931
List the prime factors of 3882738.
2, 3, 653, 991
What are the prime factors of 479795?
5, 95959
List the prime factors of 374437.
7, 149, 359
List the prime factors of 224170.
2, 5, 29, 773
List the prime factors of 348558.
2, 3, 7, 43, 193
List the prime factors of 336216.
2, 3, 14009
List the prime factors of 49670.
2, 5, 4967
List the prime factors of 7037924.
2, 1759481
What are the prime factors of 431214?
2, 3, 7, 10267
List the prime factors of 536154.
2, 3, 193, 463
List the prime factors of 19548922.
2, 9774461
List the prime factors of 392188.
2, 98047
List the prime factors of 879983.
13, 41, 127
List the prime factors of 243180.
2, 3, 5, 7, 193
List the prime factors of 145088.
2, 2267
List the prime factors of 2330511.
3, 776837
List the prime factors of 5321684.
2, 149, 8929
What are the prime factors of 245763?
3, 7, 47, 83
List the prime factors of 620447.
43, 47, 307
What are the prime factors of 23920?
2, 5, 13, 23
List the prime factors of 1566398.
2, 19, 41221
List the prime factors of 2515626.
2, 3, 17, 8221
List the prime factors of 601194.
2, 3, 11, 9109
What are the prime factors of 3306949?
37, 139, 643
What are the prime factors of 13344636?
2, 3, 167, 6659
List the prime factors of 6359076.
2, 3, 176641
What are the prime factors of 2449883?
2449883
What are the prime factors of 208493?
208493
List the prime factors of 3856798.
2, 11, 175309
What are the prime factors of 73882?
2, 17, 41, 53
What are the prime factors of 376683?
3, 241, 521
List the prime factors of 2720734.
2, 1360367
What are the prime factors of 122856?
2, 3, 5119
What are the prime factors of 28839796?
2, 19, 31, 12241
List the prime factors of 181502.
2, 151, 601
List the prime factors of 10841184.
2, 3, 37643
List the prime factors of 523883.
37, 14159
What are the prime factors of 7791336?
2, 3, 7, 5153
What are the prime factors of 10390915?
5, 53, 113, 347
List the prime factors of 3128346.
2, 3, 13, 29, 461
What are the prime factors of 33054575?
5, 131, 10093
List the prime factors of 882016.
2, 43, 641
List the prime factors of 6156648.
2, 3, 3167
What are the prime factors of 44732?
2, 53, 211
What are the prime factors of 875916?
2, 3, 29, 839
List the prime factors of 231374.
2, 11, 13, 809
List the prime factors of 168348.
2, 3, 14029
What are the prime factors of 32737?
19, 1723
What are the prime factors of 1700721?
3, 11, 41, 419
List the prime factors of 34395.
3, 5, 2293
List the prime factors of 5169311.
7, 19, 38867
List the prime factors of 7965702.
2, 3, 49171
List the prime factors of 21816105.
3, 5, 439, 3313
List the prime factors of 27189330.
2, 3, 5, 7, 43, 3011
List the prime factors of 38440558.
2, 13, 31, 37, 1289
What are the prime factors of 37378892?
2, 9344723
What are the prime factors of 127695?
3, 5, 8513
List the prime factors of 12460133.
7, 17, 104707
List the prime factors of 74409.
3, 17, 1459
List the prime factors of 2274768.
2, 3, 15797
What are the prime factors of 25024900?
2, 5, 19, 13171
What are the prime factors of 10273665?
3, 5, 127, 5393
What are the prime factors of 2176514?
2, 151, 7207
List the prime factors of 13074869.
19, 137, 5023
List the prime factors of 20218258.
2, 10109129
What are the prime factors of 438512?
2, 27407
List the prime factors of 152569.
29, 5261
List the prime factors of 6091217.
11, 553747
What are the prime factors of 10897976?
2, 1362247
List the prime factors of 310131.
3, 17, 2027
List the prime factors of 184745.
5, 11, 3359
What are the prime factors of 11033819?
317, 34807
What are the prime factors of 416830?
2, 5, 73, 571
What are the prime factors of 6175158?
2, 3, 11, 93563
List the prime factors of 549653.
13, 42281
What are the prime factors of 497353?
419, 1187
What are the prime factors of 603061?
479, 1259
List the prime factors of 220463.
113, 1951
What are the prime factors of 700457?
131, 5347
What are the prime factors of 544069?
29, 73, 257
What are the prime factors of 10426?
2, 13, 401
List the prime factors of 1549404.
2, 3, 193, 223
List the prime factors of 677763.
3, 75307
List the prime factors of 16184059.
29, 37, 15083
List the prime factors of 1645722.
2, 3, 13, 541
What are the prime factors of 548098?
2, 179, 1531
What are the prime factors of 10699504?
2, 668719
List the prime factors of 186860.
2, 5, 9343
What are the prime factors of 359111?
359111
What are the prime factors of 2984756?
2, 23, 32443
List the prime factors of 2715410.
2, 5, 17, 15973
List the prime factors of 171538.
2, 199, 431
What are the prime factors of 83792?
2, 5237
List the prime factors of 22264956.
2, 3, 7, 9817
What are the prime factors of 8854154?
2, 4427077
List the prime factors of 230008.
2, 28751
What are the prime factors of 382698?
2, 3, 19, 373
What are the prime factors of 779112?
2, 3, 3607
List the prime factors of 270718.
2, 7, 61, 317
List the prime factors of 762567.
3, 13, 19553
What are the prime factors of 11060157?
3, 73, 50503
List the prime factors of 5851801.
5851801
What are the prime factors of 16020197?
16020197
What are the prime factors of 1225762